 - 9. What is the units digit of z?
2
Suppose 0 = 3*x - 2*x - 4. Let v(l) = 3*l - 118 + 2*l + 116. What is the tens digit of v(x)?
1
Suppose 268*z = 257*z + 10670. What is the tens digit of z?
7
Let q(f) = -f**3 - 2*f**2 + 19*f + 7. What is the hundreds digit of q(-9)?
4
Suppose -4*a + 2 + 2 = 0. Suppose 0 = -0*u - u - a. Let p = u + 3. What is the units digit of p?
2
Let l(s) = -s**2 + 13*s + 13. Let r be l(14). What is the units digit of r - ((-3)/(-6))/((-3)/1140)?
9
Suppose -4*o + 5*o - 5*v = 2, -4*o = -v - 8. Suppose n - b = 70, -4*b - 138 = -4*n + o*n. What is the tens digit of n?
7
Let l(h) = 3*h**3 - 3*h**2 + 3*h - 2. Let q = -30 - -24. Let b be (-5)/(q/4 + -1). What is the units digit of l(b)?
6
What is the units digit of 9/(2/(20/(-15))) - -1727?
1
Suppose 2*q - 3*q + 136 = -5*c, 2*q + c - 261 = 0. Let l = q - 55. What is the tens digit of l?
7
Let k = -95 - -54. Let t = -29 - k. What is the units digit of 2/6 + 824/t?
9
Suppose 15*r + 11 = 16*r. Suppose -r*a = -3*a - 48. What is the units digit of a?
6
Suppose 18 = t + t. Suppose -3*o + t = 0, y + 2*o = -2*o + 18. Suppose -y*r + 4 = -4*r. What is the units digit of r?
2
Suppose 2*x = x - 2*g + 2254, 0 = -5*x - 2*g + 11270. What is the thousands digit of x?
2
Let w = 13 - -2. Let x(t) = -14 + 10 + t**3 - 13*t - 14*t**2 + 11. What is the units digit of x(w)?
7
Suppose 4 - 8 = 4*q. What is the tens digit of -115*(5 + q + -5)?
1
Let m be 9/15 + (-10)/(-25). What is the units digit of (5 - m) + -1 - -33?
6
Suppose 3921 = 15*m - 12*m. What is the units digit of m?
7
Let w be (-39)/(-26) - (-1)/(-2)*-61. Suppose 0 = x + 4*d - 61, w + 39 = x - d. What is the units digit of x?
9
What is the tens digit of (-1)/(-6) - 60802/(-84)?
2
Suppose -3*g = -l + 230, -2*l + 3*g - 2*g = -485. What is the units digit of l?
5
Let p = 3796 - -1192. What is the units digit of p?
8
Let l(p) = -p**3 - 10*p**2 + 3. Let t be l(-10). Suppose t*i = i + 8. Suppose -i*o + 76 = 12. What is the units digit of o?
6
Suppose -298*r + 293*r = -11600. What is the tens digit of r?
2
Suppose -7*n = -2*n - 30. Let v be n/4 + (-25)/(-10). Suppose 0 = 3*t + 4*y - 36, 3*t - 5 = 5*y + v. What is the units digit of t?
8
Suppose 11*n - 3*n = -448. Let j be (-1 + (-3)/(-21))*n. Suppose 4*a - 68 = j. What is the tens digit of a?
2
Suppose -3*m = 3*u - 45, -3*m - 3*u + 48 = u. Let v = m + -9. Suppose -6 = -v*a + a. What is the units digit of a?
3
Let c = 35 - -27. Let u = c + -22. Let t = 65 - u. What is the tens digit of t?
2
Suppose 4*y + 3*z = 6*z + 6350, z = -5*y + 7947. What is the units digit of y?
9
What is the thousands digit of (9/(-2))/(60/(-17680)) + -2?
1
Let h(u) = u + 2. Let o be h(3). Let y = -30 + 51. Suppose -o*n + 79 = -y. What is the tens digit of n?
2
Let y be (-126)/6*-1*1. Let f = 12 - y. Let v = f + 16. What is the units digit of v?
7
Suppose 0 = -24*p + 19*p + 530. Suppose t - p = -3*a, 4*a = -t - 54 + 196. What is the units digit of a?
6
Let y(w) = 3*w**3 + w**2 + 4*w - 4. Let c(l) = -4*l - 2. Let z be c(-1). What is the tens digit of y(z)?
3
Suppose 1263 = -3*p + 7*p - 3*g, -1545 = -5*p - 3*g. Let o = p + -168. What is the units digit of o?
4
Suppose -26 + 5 = -7*r. Suppose 0 = -w - 4*z + 38, -5*w + r*z + z + 214 = 0. What is the tens digit of w?
4
Suppose 4 - 21 = -17*y. Suppose 3*l = -3*k + 399, -3*l = 5 + y. What is the units digit of k?
5
Let l = 20 + -20. Suppose y + 3*y = -3*z + 431, l = 5*z + y - 724. What is the hundreds digit of z?
1
What is the tens digit of (-4)/((-12)/669) - 0?
2
Let b(z) be the second derivative of z**5/20 + 13*z**4/12 - z**3/2 + 5*z**2 + 4*z. What is the units digit of b(-13)?
9
Suppose -23 = 2*d - 43. Let c = 29 - d. What is the units digit of c?
9
Let u be -16*1/(0 + -4). Suppose -31 = u*n - 223. What is the units digit of n?
8
Let l be (-45)/(-60)*(-8)/(-2). Suppose -5*a - l*o = -144, 0 = -4*a - 5*o + 116 + 7. Suppose 1 = -2*k + a. What is the units digit of k?
3
Suppose 2 = t + 3*o, 3*t + 4*o + 1 = 7. Suppose -11*v + 0 + 22 = 0. What is the tens digit of (12 - (v + 0)) + t?
1
Let c = 44 + -34. Let u = c - -41. What is the units digit of u?
1
Let r(q) = -9*q - 13. Let c be r(-13). Suppose -3*p = p - c. What is the tens digit of 3/((-3)/3) + p?
2
Let l = 223 - -220. Let k = l - 241. What is the hundreds digit of k?
2
Let n be -208*(3 + (-14)/4). Suppose 5*x = -l + 96, -328 = -3*l + x - n. What is the units digit of l?
6
Let v = -927 + 2427. What is the tens digit of v?
0
Suppose -8*v = -15688 - 3472. What is the tens digit of v?
9
Let l(j) = j + 5. Let r be l(-4). Suppose 0 = b + r + 1. What is the units digit of (-6 - b)/(-4)*25?
5
Let b be ((-10)/(-40))/((5/4)/5). What is the tens digit of 1/(70/68 - b)?
3
Let p be (2/4)/((-3)/(-24)). Suppose -p = -v + 1. What is the units digit of 1 - ((v - 3) + -7)?
6
Suppose -3*i = 4*v + 17, 4*i + 40 = v - 8. Let p(q) = 18*q + 2. Let t be p(-2). Let a = i - t. What is the units digit of a?
3
Let x(g) = -4*g - 20. Let z(l) be the second derivative of -l**2/2 + 6*l. Let r(j) = -2*x(j) + 44*z(j). What is the tens digit of r(2)?
1
Suppose 4 - 2 = q. Suppose 111 = 2*w + n + q, 5*w = -3*n + 270. What is the units digit of w?
7
Suppose -4*i + 7864 = -2*w, 0 = 3*i + i - w - 7860. What is the tens digit of i?
6
Let f = 39 + -11. Let q = -17 + f. Suppose q*n - 15*n = -68. What is the tens digit of n?
1
Let j = 15 + -8. Suppose -j*n = -3*n - 216. What is the tens digit of n?
5
Let i(z) = -z**3 + 46. Let u be 2/9 - (-261)/(-81). Let b be 5 + -6 + (-3)/u. What is the tens digit of i(b)?
4
Suppose 0 = -11*b + 31*b - 7040. What is the hundreds digit of b?
3
Suppose 3*s + 4*b - 14732 = -5687, -15089 = -5*s - 2*b. What is the units digit of s?
9
Let i(q) = q**2 - 6*q + 1633. What is the hundreds digit of i(0)?
6
Suppose s = -0 + 12. Let r = s - -3. Let m = -7 + r. What is the units digit of m?
8
Let x = 2 - -1. Let h be (-4)/(-6) + 212/6. Suppose 0 = 3*c + 4*l - h, 0*l = c - x*l - 25. What is the tens digit of c?
1
Let i be 2/(-6) - (-86)/6. Suppose -t + i = -22. What is the units digit of t?
6
What is the tens digit of 1572/(-21)*77/(-22)?
6
Let s = -2 + 2. Let b be (132/10 - 2/10) + -3. Suppose s = 2*h - 4*r + 10, -3*h + 2*r = h - b. What is the units digit of h?
5
Let n(o) = -54*o + 613. What is the hundreds digit of n(-57)?
6
Let j = -125 + 116. What is the units digit of (-21)/(-189) + (-359)/j?
0
Suppose -130*u + 5733 = 2*m - 131*u, 3*m - 8594 = -4*u. What is the units digit of m?
6
Suppose 6*z - 3*z + 43 = 2*d, 18 = d - 5*z. Suppose 0 = -4*p + 4, d - 5 = c + 2*p. What is the tens digit of c?
1
Let j = 1 + 10. Let c = j + -19. Let n = c + 13. What is the units digit of n?
5
Let h = -411 + 49. What is the units digit of (h/6 - 2/12)*-2?
1
Suppose 10*b = -2691 + 10661. What is the units digit of b?
7
Suppose 6*l + 13634 = 23*l. What is the tens digit of l?
0
Suppose 2 = -4*r + 102. Let m be 5/r*5 + -4. Let d = m - -15. What is the units digit of d?
2
Let t be 3*(3 + 0)*-1. What is the tens digit of 318 + t + 4 + -5?
0
Let h = -12 + 2. Let i be (-4)/h*(-2 + 12). Suppose i*z - 107 = -15. What is the units digit of z?
3
Let a be 6 + -1 + -2 + 0. Let i = -34 - -81. Suppose b + 23 = p, a*p - i - 16 = b. What is the tens digit of p?
2
Suppose 0*j + r = -2*j + 1665, 2*j - 1670 = -2*r. What is the hundreds digit of j?
8
Suppose -43 = 2*q + 3*q - k, 4*q + 17 = -5*k. What is the tens digit of (-2 - q)*(-34)/(-3)?
6
Let t = -475 - -329. Suppose -g - 8 - 96 = 0. Let f = g - t. What is the tens digit of f?
4
Let t(f) = 5*f**2 - 6*f**2 - 10*f - 8 + 0*f. Let s(n) = n**2 + 8*n. Let o be s(-7). What is the tens digit of t(o)?
1
What is the thousands digit of (-2 - 668)/(4*(-7)/56)?
1
Suppose 2*p = 3*z + 2, p - 12 = -2*p. Suppose 142 = z*h - 44. What is the units digit of h?
3
Let f be 10/25 - (-334)/(-10). Suppose -22 = 5*x + 18. Let s = x - f. What is the tens digit of s?
2
Let x(u) be the third derivative of 0 + 1/120*u**6 + 1/12*u**5 - 1/4*u**4 + 0*u**3 + 0*u - 7*u**2. What is the units digit of x(-5)?
0
Let a be 15/7 - (-4)/(-28). Suppose -3*i + 15 = -p, -2*i - 1 + 11 = a*p. Suppose -i*b = -9*b + 116. What is the units digit of b?
9
Let o be (11 + -8)*4/3. Suppose 0 = 2*r + 4*l + 5 + 5, 2*r - o*l = 14. Let h(a) = 17*a - 1. What is the units digit of h(r)?
6
L